2*a**3 - 22*a**2 - 31*a - 94. Calculate f(-10).
16
Let t(n) = 2*n**3 - 9*n**2 - 3*n + 5. Give t(4).
-23
Let l(b) = -b**2 - b + 37. Give l(-7).
-5
Let o(u) = -25*u - 844. What is o(-31)?
-69
Let r(w) = -15*w**2 - 1020*w + 7. Determine r(-68).
7
Let s(c) = -c**2 - 82*c + 4875. Give s(-122).
-5
Let p(z) = z**2 + 138*z + 1185. Give p(-9).
24
Let a(m) = -2*m**2 - 66*m + 435. Determine a(-39).
-33
Let i(t) = t**2 + 56*t - 1988. What is i(25)?
37
Let u(p) = p**3 - 46*p**2 + 168*p - 26. Calculate u(42).
-26
Let a(n) = n**2 - 201*n + 8812. Give a(65).
-28
Let z(h) = 15*h - 192. Calculate z(10).
-42
Let y(t) = t**2 - 156*t + 4113. Give y(35).
-122
Let n(v) = -v**3 - 16*v**2 + 80*v + 23. Determine n(-20).
23
Let v(l) = -l**3 - 16*l**2 + 10*l + 22. Give v(-16).
-138
Let i(y) = -63*y**2 - 3*y - 2. Determine i(-1).
-62
Let p(z) = -430*z + 6465. What is p(15)?
15
Let v(h) = -31*h + 45. Give v(4).
-79
Let q(t) = t**3 - 6*t**2 + 101*t - 608. What is q(6)?
-2
Let p(o) = -199*o + 483. Calculate p(3).
-114
Let c(b) = b**3 + 6*b**2 - 218*b - 18. Calculate c(-18).
18
Let u(v) = -9*v**2 + 128*v - 130. Give u(1).
-11
Let v(l) = -12*l**3 - 37*l**2 + 2*l - 4. Determine v(-3).
-19
Let b(q) = -q**3 - 3*q**2 + 46*q + 91. Give b(-7).
-35
Let q(p) = 9*p**2 - 61*p - 42. What is q(7)?
-28
Let w(d) = d**2 - 89*d - 506. Give w(-5).
-36
Let j(s) = 4*s**3 + 11*s**2 - 55*s - 288. Determine j(-6).
-426
Let s(k) = 3*k**2 + 124*k + 561. Determine s(-5).
16
Let q(i) = 94*i**2 - 518*i + 20. Determine q(6).
296
Let q(z) = -1180*z - 8278. Give q(-7).
-18
Let j(b) = 5*b**3 - 7*b**2 - b + 5. Determine j(2).
15
Let i(n) = -24*n + 22. Determine i(-4).
118
Let u(q) = -q**3 - 48*q**2 - 220*q - 3. Give u(-43).
212
Let c(r) = 5*r**2 + 102*r + 221. Give c(-18).
5
Let l(h) = -h**3 + 13*h**2 - h + 16. What is l(13)?
3
Let p(y) = 4*y**3 + 14*y + 31. What is p(-2)?
-29
Let w(v) = 4*v**2 - 14*v + 65. Give w(5).
95
Let w(o) = 2*o**2 - 12*o + 2. What is w(6)?
2
Let d(n) = 2*n**3 + 5*n**2 - 5*n + 2. Calculate d(-5).
-98
Let l(w) = w**3 - 13*w**2 - 8*w + 75. What is l(13)?
-29
Let k(i) = -i**2 - i + 110. Calculate k(-11).
0
Let j(u) = -u**3 - 22*u**2 - 67*u + 15. What is j(-18)?
-75
Let m(h) = h**3 - 39*h**2 - 48*h - 28. Determine m(40).
-348
Let w(y) = -373*y - 1148. Give w(-3).
-29
Let k(h) = -2*h**2 + 168*h - 1942. Determine k(70).
18
Let y(o) = -o**2 - 4*o + 23. Give y(-6).
11
Let o(l) = 602*l + 6622. Determine o(-11).
0
Let m(w) = -2*w**3 - 53*w**2 - 20*w + 158. Determine m(-26).
2
Let l(x) = -1201*x + 8413. Calculate l(7).
6
Let n(a) = -15*a + 83. What is n(-17)?
338
Let q(k) = k**2 - 189*k + 3068. Determine q(18).
-10
Let l(c) = -2*c**2 + 177*c - 758. Determine l(84).
-2
Let q(c) = -3*c**2 - 21*c + 12. What is q(-7)?
12
Let a(n) = -28*n - 681. Determine a(-26).
47
Let z(m) = 3*m**3 + 65*m**2 + 241*m + 49. Give z(-17).
-2
Let m(l) = 101*l + 4849. What is m(-48)?
1
Let b(d) = -462*d + 4599. Determine b(10).
-21
Let u(v) = v**3 - 62*v**2 + 483*v - 58. Determine u(9).
-4
Let v(u) = 4*u**3 - 1073*u**2 + 267*u + 264. What is v(268)?
-4
Let j(q) = q**3 - 39*q**2 - 44*q + 162. Calculate j(40).
2
Let a(g) = -g**2 - 6*g + 2115. Calculate a(43).
8
Let y(t) = t**3 + 22*t**2 - 102*t + 29. Calculate y(-26).
-23
Let u(o) = -90*o - 18. Calculate u(-4).
342
Let i(l) = l**3 - 34*l**2 + 83*l + 99. Determine i(31).
-211
Let s(f) = -31*f**2 - 33*f - 58. Calculate s(-4).
-422
Let v(f) = -5730*f - 5658. Give v(-1).
72
Let l(k) = 2*k**2 - 165*k + 474. Give l(3).
-3
Let v(r) = -6*r + 729. What is v(125)?
-21
Let y(u) = -29*u**3 - 8*u**2 + 12*u + 21. What is y(-1)?
30
Let u(t) = t**3 - 7*t**2 + 6*t - 92. What is u(8)?
20
Let x(z) = -z**2 - 14*z - 50. What is x(14)?
-442
Let r(u) = 6*u**2 - 518*u + 1556. Give r(3).
56
Let g(l) = l**3 - 7*l**2 + 6*l. Give g(6).
0
Let i(t) = -t**2 - 119*t - 561. Calculate i(-114).
9
Let k(z) = 3*z**3 - 50*z**2 + 34*z - 20. Calculate k(16).
12
Let q(j) = 2*j**3 - 39*j**2 + 150*j - 262. Calculate q(15).
-37
Let b(k) = -k**3 + 9*k - 18. Determine b(0).
-18
Let p(n) = -n**2 + 33*n + 496. Determine p(-11).
12
Let w(v) = -v**2 - 1026*v - 5115. What is w(-5)?
-10
Let y(h) = 661*h + 3980. Give y(-6).
14
Let l(d) = -13*d - 56. What is l(2)?
-82
Let g(v) = 43*v + 18. Calculate g(2).
104
Let q(z) = -3291*z + 23043. What is q(7)?
6
Let s(f) = f**3 + 10*f**2 - 87*f - 613. Give s(-13).
11
Let f(b) = -b**3 + 18*b**2 - 11*b - 6. Calculate f(18).
-204
Let d(f) = f**2 - 23*f + 89. Calculate d(24).
113
Let y(m) = -m**2 - 23*m + 6. Give y(-10).
136
Let y(c) = 3*c**2 - 10*c - 13. What is y(-1)?
0
Let o(x) = x**3 - 4*x**2 + 30*x - 84. What is o(3)?
-3
Let y(n) = -2*n**3 - 82*n**2 + 4*n - 45. Calculate y(-41).
-209
Let y(u) = -8*u**2 - 35*u + 28. Give y(-10).
-422
Let z(o) = -o**2 - 7*o + 26. Give z(3).
-4
Let x(q) = 179*q - 47. What is x(2)?
311
Let s(r) = 4*r**2 - 56*r - 4433. Give s(41).
-5
Let i(g) = g**3 + 50*g**2 + 22*g - 1329. Give i(-49).
-6
Let y(o) = -14*o**3 - 295*o**2 - 11*o + 195. Give y(-21).
-15
Let l(n) = 103*n - 44. Determine l(0).
-44
Let c(m) = -2556*m**2 + 94573*m - 33. Calculate c(37).
4
Let s(v) = 2*v**3 + 27*v**2 + 19*v + 484. Determine s(-14).
22
Let a(t) = -t**3 + 37*t**2 - 67*t + 1107. What is a(36)?
-9
Let m(z) = 6*z - 279. Calculate m(24).
-135
Let f(t) = -5*t**2 + 643*t - 4258. Give f(7).
-2
Let m(r) = -8*r**2 + 23*r - 23. What is m(2)?
-9
Let t(q) = -71*q**2 - 306*q + 7. Calculate t(-4).
95
Let h(o) = -14*o**2 + 59*o + 18. Determine h(4).
30
Let a(d) = 46*d + 2585. Determine a(-56).
9
Let w(o) = -o**3 - 4*o**2 - 15*o + 70. Determine w(-9).
610
Let v(c) = c**2 - 43*c - 425. Give v(-8).
-17
Let x(y) = -12*y**2 - 8*y - 7. Calculate x(-4).
-167
Let c(a) = a**3 - 200*a**2 + 1367*a - 3085. Determine c(193).
3
Let i(j) = 8*j + 43. Give i(-5).
3
Let b(j) = 51*j**3 - 2*j**2 + 2*j - 1. Calculate b(1).
50
Let c(p) = -167*p + 1956. Give c(8).
620
Let z(t) = -3*t**2 + 61*t - 7. Determine z(19).
69
Let x(t) = -t**3 + 2*t**2 + 25*t + 5. What is x(7)?
-65
Let q(j) = -50*j - 183. Give q(-5).
67
Let m(k) = 30*k - 3354. Give m(111).
-24
Let t(c) = 65*c + 1108. Determine t(-21).
-257
Let t(d) = 758*d - 7604. Give t(10).
-24
Let s(o) = -o**3 - 15*o**2 - 80*o - 156. Give s(-5).
-6
Let v(s) = -s**3 + 39*s**2 - 25*s - 483. Give v(38).
11
Let s(b) = -176*b + 9953. Give s(57).
-79
Let f(t) = t**2 + 2550*t - 5104. What is f(2)?
0
Let m(b) = b**2 + 49*b + 156. Give m(-45).
-24
Let k(c) = -89*c + 118. Calculate k(-1).
207
Let c(n) = -12*n**2 - 771*n - 189. Give c(-64).
3
Let p(g) = 1694*g + 297. What is p(-1)?
-1397
Let c(t) = t**2 + 28*t - 800. Calculate c(16).
-96
Let k(f) = -940*f + 4607. Calculate k(5).
-93
Let l(k) = -k**3 + 36*k**2 - 4*k + 89. Calculate l(36).
-55
Let d(a) = 35*a**3 + 3*a**2 + 9*a + 2. Determine d(-2).
-284
Let t(z) = -z**2 + 96*z - 1765. Determine t(25).
10
Let h(s) = -6494*s - 51942. What is h(-8)?
10
Let x(n) = n**2 + 41*n - 750. Determine x(-55).
20
Let c(n) = 2*n**2 + 32*n + 124. Calculate c(-11).
14
Let j(s) = -s**3 + 3*s**2 + 29*s + 104. Give j(8).
16
Let c(k) = k**2 - 49*k - 260. Determine c(-5).
10
Let g(a) = a**3 - 16*a**2 - 45*a + 143. Calculate g(18).
-19
Let t(m) = -32*m**2 + 715*m - 245. Give t(22).
-3
Let u(c) = -c**3 + 23*c**2 + 94*c - 1099. Calculate u(25).
1
Let l(i) = -i**2 + 1133*i - 6764. Calculate l(6).
-2
Let j(x) = 2*x**2 - 4*x - 24. Calculate j(-4).
24
Let k(g) = -g**2 + 36*g + 186. Calculate k(42).
-66
Let r(c) = -c**2 + 48*c + 256. Calculate r(53).
-9
Let t(c) = c**3 + 4*c**2 + 2*c - 14. Calculate t(-5).
-49
Let o(l) = l**3 - 5*l**2 + 15*l + 5. Give o(6).
131
Let d(x) = -x**2 + 62*x + 54. Give d(59).
231
Let q(t) = t**3 + 5*t**2 - 7*t - 27. What is q(-2)?
-1
Let b(k) = 5*k**2 + 255*k + 450. Calculate b(-49).
-40
Let g(r) = 3*r**2 - 93*r - 45. Give g(31).
-45
Let g(x) = -13*x - 23. Give g(-10).
107
Let y(n) = n**2 + 30*n + 173. Calculate y(-12).
-43
Let a(b) = 5*b - 161. Calculate a(35).
14
Let d(z) = z**3 + 3*z**2 + 2*z + 248. Give d(0).
248
Let u(w) = -973*w - 6810. Determine u(-7).
1
Let u(k) = 2*k**2 - 273*k - 12608. What is u(173)?
21
Let d(b) = b**2 + 14*b + 19. Calculate d(-5).
-26
Let q(y) = -559*y + 643. Calculate q(1).
84
Let f(r) = 34*r - 23. Determine f(-2).
-91
Let h(d) = -d**2 - 39*d + 795. Calculate h(12).
183
Let b(h) = 5*h**2 - 13*h - 126. What 